 of 408074?
4
What is the tens digit of 1830556?
5
What is the ten thousands digit of 225721?
2
What is the units digit of 26505?
5
What is the units digit of 194877?
7
What is the hundred thousands digit of 842086?
8
What is the millions digit of 3598759?
3
What is the tens digit of 3041?
4
What is the ten thousands digit of 4331974?
3
What is the hundred thousands digit of 11138344?
1
What is the thousands digit of 22888289?
8
What is the millions digit of 1524166?
1
What is the millions digit of 3549250?
3
What is the units digit of 261?
1
What is the millions digit of 1394505?
1
What is the units digit of 29744004?
4
What is the hundreds digit of 6378751?
7
What is the tens digit of 1244724?
2
What is the hundreds digit of 85520?
5
What is the thousands digit of 31325?
1
What is the tens digit of 874550?
5
What is the ten thousands digit of 5908983?
0
What is the hundred thousands digit of 472956?
4
What is the tens digit of 478687?
8
What is the ten thousands digit of 2597270?
9
What is the millions digit of 13356924?
3
What is the hundred thousands digit of 1689052?
6
What is the thousands digit of 340481?
0
What is the hundreds digit of 20752044?
0
What is the ten thousands digit of 2914050?
1
What is the hundreds digit of 79294?
2
What is the hundred thousands digit of 166407?
1
What is the tens digit of 9249791?
9
What is the hundred thousands digit of 10437762?
4
What is the hundred thousands digit of 943932?
9
What is the ten thousands digit of 28533456?
3
What is the hundred thousands digit of 13068566?
0
What is the units digit of 1458595?
5
What is the hundred thousands digit of 311116?
3
What is the tens digit of 23138909?
0
What is the hundreds digit of 986836?
8
What is the ten thousands digit of 161881?
6
What is the units digit of 2568139?
9
What is the millions digit of 2841072?
2
What is the hundred thousands digit of 1706322?
7
What is the thousands digit of 4094405?
4
What is the hundreds digit of 1505933?
9
What is the ten thousands digit of 3775939?
7
What is the thousands digit of 503716?
3
What is the ten thousands digit of 240292?
4
What is the hundreds digit of 13091484?
4
What is the ten thousands digit of 20233484?
3
What is the hundreds digit of 841658?
6
What is the hundreds digit of 30032?
0
What is the tens digit of 1316549?
4
What is the tens digit of 123062?
6
What is the hundred thousands digit of 221225?
2
What is the hundred thousands digit of 469282?
4
What is the hundreds digit of 974904?
9
What is the hundreds digit of 205055?
0
What is the tens digit of 5872257?
5
What is the hundreds digit of 428823?
8
What is the hundred thousands digit of 3491581?
4
What is the tens digit of 2059725?
2
What is the thousands digit of 25803090?
3
What is the ten thousands digit of 94536?
9
What is the thousands digit of 604517?
4
What is the thousands digit of 2878069?
8
What is the hundred thousands digit of 5310244?
3
What is the hundred thousands digit of 288521?
2
What is the millions digit of 18711701?
8
What is the units digit of 14839074?
4
What is the thousands digit of 1790926?
0
What is the hundreds digit of 245181?
1
What is the thousands digit of 2854026?
4
What is the tens digit of 1603198?
9
What is the tens digit of 8682431?
3
What is the hundred thousands digit of 20321027?
3
What is the units digit of 40949?
9
What is the hundred thousands digit of 1056084?
0
What is the hundreds digit of 4262171?
1
What is the hundred thousands digit of 5156268?
1
What is the hundreds digit of 7533145?
1
What is the hundreds digit of 1742911?
9
What is the tens digit of 1498229?
2
What is the units digit of 69508?
8
What is the thousands digit of 12386634?
6
What is the hundreds digit of 2526407?
4
What is the hundred thousands digit of 245263?
2
What is the ten millions digit of 19859430?
1
What is the ten thousands digit of 79152?
7
What is the hundred thousands digit of 312822?
3
What is the thousands digit of 2629496?
9
What is the ten thousands digit of 3189091?
8
What is the units digit of 3354572?
2
What is the tens digit of 1341928?
2
What is the ten thousands digit of 240690?
4
What is the tens digit of 2578266?
6
What is the ten thousands digit of 84956?
8
What is the thousands digit of 3002371?
2
What is the ten thousands digit of 233088?
3
What is the thousands digit of 2824006?
4
What is the thousands digit of 558982?
8
What is the units digit of 34750417?
7
What is the tens digit of 246198?
9
What is the tens digit of 1498617?
1
What is the ten thousands digit of 42067876?
6
What is the hundreds digit of 117868?
8
What is the thousands digit of 1629156?
9
What is the tens digit of 19109930?
3
What is the tens digit of 5180167?
6
What is the hundreds digit of 153308?
3
What is the ten thousands digit of 461795?
6
What is the hundred thousands digit of 14962031?
9
What is the ten thousands digit of 3893690?
9
What is the millions digit of 2652999?
2
What is the hundred thousands digit of 9823926?
8
What is the ten thousands digit of 687512?
8
What is the hundreds digit of 19646?
6
What is the tens digit of 320178?
7
What is the hundred thousands digit of 714361?
7
What is the tens digit of 42699?
9
What is the ten millions digit of 26867197?
2
What is the ten thousands digit of 298133?
9
What is the hundred thousands digit of 219072?
2
What is the hundreds digit of 634235?
2
What is the units digit of 73028?
8
What is the hundred thousands digit of 143941?
1
What is the units digit of 5233552?
2
What is the units digit of 266882?
2
What is the thousands digit of 335020?
5
What is the hundreds digit of 2977684?
6
What is the ten thousands digit of 53110?
5
What is the units digit of 75363?
3
What is the hundred thousands digit of 423940?
4
What is the ten thousands digit of 5943175?
4
What is the ten thousands digit of 1577687?
7
What is the thousands digit of 395857?
5
What is the units digit of 2723614?
4
What is the millions digit of 9105682?
9
What is the units digit of 614978?
8
What is the thousands digit of 474152?
4
What is the hundreds digit of 119014?
0
What is the ten thousands digit of 103117?
0
What is the hundred thousands digit of 1903494?
9
What is the millions digit of 3535998?
3
What is the hundreds digit of 31059?
0
What is the millions digit of 2294953?
2
What is the hundred thousands digit of 124741?
1
What is the tens digit of 302963?
6
What is the hundreds digit of 80222?
2
What is the hundreds digit of 451565?
5
What is the ten thousands digit of 1347063?
4
What is the thousands digit of 13197116?
7
What is the units digit of 242881?
1
What is the millions digit of 3927815?
3
What is the hundred thousands digit of 9992530?
9
What is the hundreds digit of 8499236?
2
What is the tens digit of 83986?
8
What is the ten thousands digit of 5022729?
2
What is the ten thousands digit of 842553?
4
What is the tens digit of 151756?
5
What is the ten thousands digit of 575176?
7
What is the thousands digit of 76291?
6
What is the tens digit of 922100?
0
What is the units digit of 11188510?
0
What is the hundred thousands digit of 11586290?
5
What is the thousands digit of 75810?
5
What is the hundreds digit of 8155354?
3
What is the units digit of 321942?
2
What is the millions digit of 1324861?
1
What is the hundred thousands digit of 1373571?
3
What is the tens digit of 6038292?
9
What is the millions digit of 1482479?
1
What is the ten thousands digit of 1524681?
2
What is the units digit of 71647?
7
What is the tens digit of 2931611?
1
What is the hundreds digit of 229979?
9
What is the hundreds digit of 690262?
2
What is the thousands digit of 279748?
9
What is the ten millions digit of 12711982?
1
What is the tens digit of 2449682?
8
What is the tens digit of 5920801?
0
What is the tens digit of 133958?
5
What is the millions digit of 1273562?
1
What is the thousands digit of 63058?
3
What is the tens digit of 31056?
5
What is the tens digit of 10757819?
1
What is the units digit of 31043572?
2
What is the tens digit of 202341?
4
What is the tens digit of 54596?
9
What is the units digit of 101395?
5
What is the units digit of 40551?
1
What is the thousands digit of 4248430?
8
What is the hundred thousands digit of 9843561?
8
What is the units digit of 4541001?
1
What is the thous